ens digit of 13630895?
9
What is the millions digit of 4438083?
4
What is the ten thousands digit of 12287636?
8
What is the hundred thousands digit of 819771?
8
What is the hundred thousands digit of 4788932?
7
What is the tens digit of 1852518?
1
What is the millions digit of 2911302?
2
What is the thousands digit of 928853?
8
What is the hundreds digit of 1389717?
7
What is the hundred thousands digit of 587472?
5
What is the hundred thousands digit of 253592?
2
What is the units digit of 282713?
3
What is the hundred thousands digit of 392410?
3
What is the thousands digit of 954180?
4
What is the tens digit of 490502?
0
What is the tens digit of 214646?
4
What is the hundreds digit of 9745726?
7
What is the ten thousands digit of 151226?
5
What is the ten thousands digit of 539598?
3
What is the hundred thousands digit of 3162947?
1
What is the hundreds digit of 91280?
2
What is the hundred thousands digit of 484402?
4
What is the hundreds digit of 235315?
3
What is the hundred thousands digit of 544124?
5
What is the tens digit of 10836?
3
What is the ten thousands digit of 3252410?
5
What is the units digit of 13503768?
8
What is the thousands digit of 72777?
2
What is the hundreds digit of 844938?
9
What is the hundred thousands digit of 11775475?
7
What is the thousands digit of 914338?
4
What is the millions digit of 16807244?
6
What is the units digit of 1626649?
9
What is the tens digit of 1132770?
7
What is the units digit of 697815?
5
What is the hundred thousands digit of 32899524?
8
What is the hundred thousands digit of 1086182?
0
What is the ten thousands digit of 432480?
3
What is the units digit of 330279?
9
What is the tens digit of 8954844?
4
What is the millions digit of 2186645?
2
What is the hundreds digit of 14629348?
3
What is the millions digit of 4026219?
4
What is the ten thousands digit of 73583?
7
What is the thousands digit of 3954997?
4
What is the hundreds digit of 1099565?
5
What is the ten thousands digit of 2702553?
0
What is the tens digit of 2101518?
1
What is the hundred thousands digit of 2677722?
6
What is the tens digit of 37581?
8
What is the tens digit of 810932?
3
What is the units digit of 1015365?
5
What is the thousands digit of 1434212?
4
What is the thousands digit of 59352?
9
What is the hundreds digit of 5724163?
1
What is the units digit of 15235748?
8
What is the ten millions digit of 37972101?
3
What is the hundreds digit of 425092?
0
What is the tens digit of 501015?
1
What is the thousands digit of 863732?
3
What is the hundreds digit of 14137761?
7
What is the hundreds digit of 7647950?
9
What is the hundred thousands digit of 8120116?
1
What is the thousands digit of 1320870?
0
What is the thousands digit of 41341?
1
What is the millions digit of 1856754?
1
What is the thousands digit of 1862860?
2
What is the ten thousands digit of 279227?
7
What is the ten thousands digit of 4340754?
4
What is the ten thousands digit of 77637?
7
What is the hundred thousands digit of 9617522?
6
What is the tens digit of 1073266?
6
What is the ten millions digit of 11160567?
1
What is the thousands digit of 6699724?
9
What is the units digit of 15842728?
8
What is the millions digit of 2375762?
2
What is the hundreds digit of 1653430?
4
What is the tens digit of 8371882?
8
What is the millions digit of 3286059?
3
What is the ten thousands digit of 195573?
9
What is the tens digit of 9070314?
1
What is the hundreds digit of 1226943?
9
What is the ten millions digit of 16242772?
1
What is the ten thousands digit of 2299865?
9
What is the units digit of 361913?
3
What is the hundred thousands digit of 740848?
7
What is the tens digit of 33417946?
4
What is the units digit of 123414?
4
What is the thousands digit of 453051?
3
What is the thousands digit of 2098525?
8
What is the units digit of 326821?
1
What is the units digit of 304394?
4
What is the thousands digit of 1717082?
7
What is the thousands digit of 743069?
3
What is the ten thousands digit of 235832?
3
What is the ten millions digit of 20917210?
2
What is the ten thousands digit of 5060091?
6
What is the hundred thousands digit of 11092476?
0
What is the ten thousands digit of 124154?
2
What is the hundreds digit of 278106?
1
What is the hundreds digit of 741809?
8
What is the ten thousands digit of 16135?
1
What is the tens digit of 1398272?
7
What is the hundreds digit of 110287?
2
What is the millions digit of 4024955?
4
What is the hundred thousands digit of 153875?
1
What is the hundred thousands digit of 600172?
6
What is the tens digit of 4988356?
5
What is the tens digit of 94819?
1
What is the thousands digit of 14989?
4
What is the units digit of 139957?
7
What is the millions digit of 1783812?
1
What is the hundreds digit of 7529651?
6
What is the thousands digit of 9093883?
3
What is the tens digit of 630488?
8
What is the millions digit of 7661045?
7
What is the ten thousands digit of 11155686?
5
What is the tens digit of 6653619?
1
What is the ten thousands digit of 4290958?
9
What is the tens digit of 3713299?
9
What is the ten thousands digit of 434428?
3
What is the ten thousands digit of 2174538?
7
What is the tens digit of 2006373?
7
What is the hundreds digit of 2785455?
4
What is the units digit of 2633247?
7
What is the hundred thousands digit of 1080562?
0
What is the hundreds digit of 11659365?
3
What is the ten thousands digit of 23069237?
6
What is the hundreds digit of 2115845?
8
What is the hundred thousands digit of 3093653?
0
What is the tens digit of 577254?
5
What is the hundreds digit of 360084?
0
What is the millions digit of 3420592?
3
What is the millions digit of 9716237?
9
What is the tens digit of 507400?
0
What is the hundreds digit of 194523?
5
What is the thousands digit of 174128?
4
What is the units digit of 2333597?
7
What is the ten thousands digit of 1548150?
4
What is the units digit of 2409963?
3
What is the hundreds digit of 6791092?
0
What is the hundred thousands digit of 137769?
1
What is the hundred thousands digit of 634116?
6
What is the hundreds digit of 4287594?
5
What is the ten thousands digit of 2493107?
9
What is the thousands digit of 171761?
1
What is the ten thousands digit of 4744112?
4
What is the hundred thousands digit of 210593?
2
What is the tens digit of 110166?
6
What is the tens digit of 679954?
5
What is the ten thousands digit of 786202?
8
What is the hundreds digit of 5220196?
1
What is the millions digit of 8533926?
8
What is the tens digit of 43130?
3
What is the hundred thousands digit of 625552?
6
What is the hundreds digit of 25759?
7
What is the thousands digit of 220915?
0
What is the tens digit of 18287?
8
What is the millions digit of 2005748?
2
What is the ten thousands digit of 225521?
2
What is the units digit of 1080621?
1
What is the thousands digit of 1015?
1
What is the millions digit of 9455060?
9
What is the hundreds digit of 300099?
0
What is the millions digit of 1372636?
1
What is the tens digit of 10555022?
2
What is the units digit of 4359204?
4
What is the thousands digit of 234100?
4
What is the hundreds digit of 11694051?
0
What is the ten thousands digit of 21706579?
0
What is the units digit of 2548635?
5
What is the ten thousands digit of 15671918?
7
What is the ten thousands digit of 2438908?
3
What is the hundreds digit of 39123?
1
What is the units digit of 7499135?
5
What is the thousands digit of 2349200?
9
What is the tens digit of 330520?
2
What is the hundred thousands digit of 310580?
3
What is the tens digit of 300757?
5
What is the hundred thousands digit of 13695964?
6
What is the ten thousands digit of 64232?
6
What is the millions digit of 10888622?
0
What is the units digit of 7809859?
9
What is the hundred thousands digit of 723372?
7
What is the units digit of 6242540?
0
What is the hundred thousands digit of 174777?
1
What is the hundreds digit of 6937267?
2
What is the thousands digit of 5534377?
4
What is the ten thousands digit of 159770?
5
What is the hundred thousands digit of 716845?
7
What is the units digit of 13080220?
0
What is the millions digit of 3577810?
3
What is the millions digit of 4252755?
4
What is the tens digit of 2629368?
6
What is the units digit of 30073?
3
What is the hundreds digit of 23